 = i + 49. List the prime factors of s.
2, 7
Let i(k) = 50*k + 541. List the prime factors of i(0).
541
Let d(v) = -4*v - 33. Let g(f) = -f - 11. Let r(k) = 2*d(k) - 7*g(k). List the prime factors of r(6).
5
Let v be 5 + -5 - 6/3. List the prime factors of 1 + 2 + (v - -3).
2
Let m(a) = 12*a**2 - 8*a**2 + 0*a - 2*a + 2 + 7*a**2. What are the prime factors of m(1)?
11
Suppose 8*a = 507 + 1085. List the prime factors of a.
199
Suppose -182 - 1264 = -6*j. Let c = j - 66. List the prime factors of c.
5, 7
Suppose 0 = -469*w + 457*w + 4092. List the prime factors of w.
11, 31
Let w(k) = 3*k - 4*k + 5 - 5. Let x be w(-2). Suppose -n + 2*p + 26 + 4 = 0, 0 = x*n - 2*p - 68. List the prime factors of n.
2, 19
What are the prime factors of (312/(-117))/(2/(-1116))?
2, 3, 31
Let p = 1864 - -1417. List the prime factors of p.
17, 193
Let l(h) = 1542*h**2 - 5*h + 6. List the prime factors of l(1).
1543
Let f = -28 - -30. Suppose -f*x - 6 + 14 = 0. Suppose 94 = 4*n - 2*b, 4*n - x*b = -15 + 111. What are the prime factors of n?
23
Let u(a) be the third derivative of -a**6/120 + 7*a**5/60 + a**4/3 - 5*a**3/3 + 2*a**2. Let k be u(8). Let g = 23 + k. What are the prime factors of g?
13
Let z(w) = 3*w**2 + 16*w + 24. Let k be 15*(-4 + (-68)/(-20)). What are the prime factors of z(k)?
3, 41
Suppose -29 = b + 35. What are the prime factors of b*1*-1 + 3?
67
Suppose 14*w - 19*w + 200 = 0. Let t be (-1688)/w + 2/10. List the prime factors of ((-980)/t)/((-2)/(-3)).
5, 7
Suppose -4*h = -2*y + 338, -2*y + 2*h + 525 = 195. List the prime factors of 2/(-10) - 4/((-20)/y).
2
Let t(p) = 7*p**2 - 2*p - 3. Let g(r) = -6*r**2 + r + 2. Let y(h) = -5*g(h) - 4*t(h). Let n be y(-4). Let f = -2 + n. List the prime factors of f.
2, 5
Suppose v = 2*l + 21, -2*l - 5*v = 2*l + 49. Let f(p) = -p**3 - 10*p**2 + 4*p + 15. What are the prime factors of f(l)?
2, 23
Suppose -4*c - 5*l + 25 = 0, 4*c - c - 14 = l. Let n be (-3*1)/(c/65). Let z = -25 - n. List the prime factors of z.
2, 7
Let w(b) = b + 11. Let q be w(-7). Suppose -5*p = 3*d - q*d - 517, -2*p + 214 = -4*d. What are the prime factors of p?
103
Let b(r) = -2*r**2 + 11*r - 19. Let v(d) = 8*d**2 - 43*d + 76. Let t(f) = -9*b(f) - 2*v(f). What are the prime factors of t(8)?
43
Suppose 14*z - 15*z = -28. Let a = 45 + z. What are the prime factors of a?
73
Let p(x) = x**2 - 8*x + 36. List the prime factors of p(11).
3, 23
List the prime factors of (-20268)/(-63) - 9 - 4/(-14).
313
Suppose k - 11 = -3*p, -k = -4*p + 13 + 11. Let r be (14/(-4))/(1/8). Let c = k - r. List the prime factors of c.
2, 3
Suppose -10 = -w - 14. Let t = 12 - w. Suppose 0 = 4*d - f - 34, -2*d - d + t = 4*f. List the prime factors of d.
2
Let h = 3 + 1. Suppose 0 = 3*d - h*d + 12. List the prime factors of 28/(-8)*d/(-14).
3
Suppose -2*w = -4, 85*w = 4*h + 84*w - 8282. List the prime factors of h.
19, 109
Let a(n) = -120*n - 33. List the prime factors of a(-6).
3, 229
Let r(z) be the third derivative of -13*z**7/5040 - z**6/360 + 7*z**5/60 - 10*z**2. Let o(a) be the third derivative of r(a). List the prime factors of o(-2).
2, 3
Let b be ((-13)/(-3) - -1)*(-924)/(-56). Suppose 4*r - 116 - b = 0. What are the prime factors of r?
3, 17
Suppose 4*y - 808 = -4*k, 3*y + 4*k = -k + 606. Suppose 61 = o - y. What are the prime factors of o?
263
Let r be -1*(17 + (-4)/(-2)). Let x = 36 + r. List the prime factors of x.
17
Let c = -50 - -73. Suppose 0 = -c*t + 26*t - 6. Suppose -4*r = -f - 188, -2*f - t - 6 = 0. List the prime factors of r.
2, 23
Let p(c) be the first derivative of c**3/3 - 7*c**2/2 + 6*c - 18. List the prime factors of p(8).
2, 7
Let g = 441 - 311. List the prime factors of g.
2, 5, 13
Suppose 2*h = r + 7 + 6, h = -4*r - 43. Let a = r + 61. List the prime factors of a.
2, 5
List the prime factors of ((-11)/1)/((-16)/384).
2, 3, 11
Let k = -14 + 76. Let l = k + -57. List the prime factors of l.
5
Let d(g) = 19*g**2 - 21*g + 40. What are the prime factors of d(6)?
2, 13, 23
Let l(b) = -3*b**2 - 3*b + 21. Let v be l(-7). List the prime factors of 3/((-36)/20)*v.
5, 7
Let l be -39*(-4)/(-24) + (-2)/(-4). List the prime factors of (-151)/(2*3/l).
151
Let z = 1672 + -1188. What are the prime factors of z?
2, 11
Suppose -60*x - 1626 = -66*x. List the prime factors of x.
271
Let o(v) = 20*v - 61. List the prime factors of o(16).
7, 37
Suppose 3*v = -3*h + 87, 145 = 5*v + 8*h - 5*h. Let q(g) = -2*g - 5. Let b be q(-5). Suppose -t - 4*o = -2, -t + b*o = 3*t - v. What are the prime factors of t?
2, 3
Suppose 300 = 19*p - 18*p - 4*y, 5*y - 25 = 0. List the prime factors of p.
2, 5
Let t(s) = -17*s + 1. Let p be t(-1). Suppose -5*b - 805 = -740. Let k = p - b. What are the prime factors of k?
31
Let y(u) = -u**2 - 7*u - 2. Let q be y(-5). Let b = -12 + q. List the prime factors of (24/30)/(b/(-110)).
2, 11
Let l(h) = 4664*h - 7. What are the prime factors of l(1)?
4657
Let x(w) = w**3 - 9*w**2 - 16*w + 16. Let i be 1*(0 + (3 - 3)). Suppose -k - 4*o + i = 5, o + 4 = 0. List the prime factors of x(k).
2, 41
Let a(r) = r**3 + 23*r**2 - 11*r + 86. List the prime factors of a(-23).
3, 113
Let n(f) = 150*f**2 + 8*f - 22. List the prime factors of n(2).
2, 3, 11
Suppose 5*r - 13 - 2 = 0. Let q be r + (-2 + 10)/4. Suppose q = w - 1. What are the prime factors of w?
2, 3
Let a = -3 + 6. Suppose 47 = b - 4*w, -2 = -b - a*w + 31. List the prime factors of b.
3, 13
Suppose -6*m + 4722 = -0*m. List the prime factors of m.
787
Suppose -4*v + p - 1147 = 0, v - 3*p + 1439 = -4*v. Let b be (-12)/(-24) + v/(-4). Suppose 13*g - 17*g = -b. List the prime factors of g.
2, 3
Let w = 28 - 10. Let f be 2*-1 + w/9. Let u(i) = 2*i + 55. What are the prime factors of u(f)?
5, 11
Let q(z) = -59*z - 13. Suppose 9*v + 14 + 4 = 0. What are the prime factors of q(v)?
3, 5, 7
Suppose 10*d - 948 + 238 = 0. List the prime factors of d.
71
Let r(p) = p**3 + 17*p**2 - 39*p + 77. List the prime factors of r(-19).
2, 3
Let j = 10 + -8. Suppose -w + 25 = 2*u, -j*u - 2*w = w - 31. List the prime factors of u.
11
Let d be 429/11 - (0 + -1). Suppose -2*x + 16 = -0*x. Suppose 0 = 3*a - x*a - 4*o + d, 0 = -2*a + 3*o - 7. List the prime factors of a.
2
Suppose 4*z = z + 36. Suppose 0*p + z = 2*p. What are the prime factors of p?
2, 3
Suppose -4*o + 2*o = -5*k + 17, 41 = 5*k + 4*o. Suppose 8 = 4*r, 2*v + 2*v - k*r - 174 = 0. List the prime factors of v.
2, 23
Suppose 930 = 3*r - 3*f - 336, -f = -5. What are the prime factors of r?
7, 61
Let c(b) be the second derivative of -b**5/20 - 7*b**4/12 + 2*b**3/3 - 4*b**2 - 3*b. Suppose -7*n + 72 = -16*n. What are the prime factors of c(n)?
2, 3
Suppose 203*g - 53016 = 191*g. What are the prime factors of g?
2, 47
Let p = -9 - -8. Let s be (-2 - (p + 0))*-7. Let t(h) = h**3 - 7*h**2 + 7. List the prime factors of t(s).
7
Suppose 0 = 5*o - 439 - 501. Suppose 4*d = -2*h + o, -4*h - d - d = -364. List the prime factors of h.
2, 3, 5
Suppose 9*a = 4*d + 7*a - 1174, a = d - 292. List the prime factors of d.
5, 59
Suppose 5*q - 868 = -138. Let s = q + -78. List the prime factors of s.
2, 17
Suppose 0*l = -l + 4. Suppose -5*a - 4*i = 0, 4*a + i + l*i = 0. Suppose -o - 2*o + 144 = a. What are the prime factors of o?
2, 3
Let f(b) be the second derivative of b**7/840 - b**6/240 + b**5/20 + 2*b**4/3 - 8*b. Let y(q) be the third derivative of f(q). List the prime factors of y(4).
2, 3, 7
Let g(i) be the third derivative of i**6/120 + i**5/10 - i**4/4 + 7*i**3/6 + 14*i**2. List the prime factors of g(-6).
43
Let x = -98 + 102. Suppose -99 = x*n - 447. What are the prime factors of n?
3, 29
Let b(q) = 22*q + 67. What are the prime factors of b(17)?
3, 7
Suppose 4*p + 17*r - 886 = 18*r, 0 = p - r - 220. List the prime factors of p.
2, 3, 37
Suppose 4*x = -20 + 28. Let j(a) = 3*a**3 - 3*a**2 + 4*a - 6. List the prime factors of j(x).
2, 7
Let q(a) = -208*a - 2. List the prime factors of q(-2).
2, 3, 23
Let p = 2033 + -636. What are the prime factors of p?
11, 127
Suppose -37*d - 17865 = -42*d. List the prime factors of d.
3, 397
Suppose a = 5*a - 2*r + 40, 0 = a + 2*r. Let j = 68 + a. What are the prime factors of j?
2, 3, 5
Suppose 3*a - 793 = 2243. List the prime factors of a.
2, 11, 23
List the prime factors of 2615/3 + 14/(-3) + 4.
13, 67
Let j(y) = y**3 + 4*y**2 - 11*y + 8. L